+ 20. Suppose c + d = 33. What are the prime factors of c?
2, 5
Let n = -109 - -202. Suppose 2*w + n = 5*w. List the prime factors of w.
31
Let w be (16/20)/((-1)/(-10)). Let c = w - 1. List the prime factors of c.
7
Let g = -2 - -5. Let b = 18 - g. What are the prime factors of b?
3, 5
Suppose -1380 = -w - 2*w. Suppose -172 = 4*s - w. What are the prime factors of 0 + 0 + s/6?
2, 3
Let s be (4/6)/((-3)/(-9)). Let b(h) = -1 + 0*h**2 - h**2 + 4*h**s - 2*h**2 - 2*h. List the prime factors of b(5).
2, 7
Let p(j) = j**3 + 2*j**2 - 5*j - 3. Let o be p(-3). Suppose 2*s = 0, -o*x + 5*s + 15 = -30. What are the prime factors of x?
3, 5
Suppose -o - 2*o - 9 = 0. Let k = 1 - o. List the prime factors of k.
2
Suppose -6 = -h - 5*p - 27, -5*p = -2*h + 3. Let k(j) = j**2 + 3*j - 4. What are the prime factors of k(h)?
2, 7
Let j = 40 - 6. List the prime factors of j.
2, 17
Let p(r) = 39*r**2 + 1. List the prime factors of p(2).
157
Suppose 3*v = -4*c - 4, 3*c + 2*v + 2 = -0*v. Let x = 4 - c. Suppose -w = -2*j + 4, 5*w - 8 = j + x*j. What are the prime factors of j?
2
Let p = 15 + -10. Let a be (-3)/(-5) - (-18)/(-30). Suppose a*t + 25 = p*t. What are the prime factors of t?
5
Suppose 5*z - 2*p = 40, -3*z + 0*p - 4*p + 50 = 0. Suppose 2 = -2*n + 4*w, -3*n - 4*w = -6*w + 3. Let d = n + z. What are the prime factors of d?
3
Suppose -4*q + 3*q = -5*o - 73, 0 = -2*q - o + 91. Let c = -27 + q. What are the prime factors of c?
3, 7
Suppose -3*o + 8*o = 60. Suppose 2*j = 6*j - o. Suppose 0 = -j*q + 15. What are the prime factors of q?
5
Let n(o) be the first derivative of o**2/2 - 4*o + 1. Let a be n(6). Suppose -a*q - 1 = -5. List the prime factors of q.
2
Let n(i) = -68*i - 3. What are the prime factors of n(-1)?
5, 13
Suppose 101 = 3*m + 2*b - 0*b, 43 = m - 4*b. What are the prime factors of m?
5, 7
Let w = 13 + 3. Suppose 0 = -0*n - 4*n + 3*s + 4, n = -3*s + w. Suppose -2*b + 3*k + 18 = 0, n*k + 10 = -k. What are the prime factors of b?
2, 3
Suppose 0 = -9*k + 4*k + 10. Suppose k*n - 32 = -4*y, 5*y - 3*n - 49 = -n. List the prime factors of y.
3
Let q = 446 + -88. List the prime factors of q.
2, 179
Suppose 2*c = -3*c - 4*g + 58, 30 = 2*c + 5*g. Suppose 4*n = 8, 4*b + 2*n - c = 3*n. Suppose -b*y + 7 = -v, -4*v + 12 = y + 1. List the prime factors of y.
3
Let z = 193 + 13. What are the prime factors of z?
2, 103
Let p(l) be the first derivative of -l**4/4 - 8*l**3/3 - l**2/2 + l + 2. What are the prime factors of p(-8)?
3
Suppose 0 = -a + 3*i + 26, 2*a + 3*a - 130 = -4*i. List the prime factors of a.
2, 13
Let r be (-26)/(-10) + (-4)/(-10). Suppose -2*v = r*v - 80. What are the prime factors of v?
2
Let b = 0 + -2. What are the prime factors of (-3)/6 + (-13)/b?
2, 3
Suppose -14 = -4*b + 34. Suppose 0 = 2*n + 10, -4*r + 2*n + 2 + b = 0. List the prime factors of -11*(1 - 2) + r.
2, 3
Suppose 0*r - 3*r + 5*l + 19 = 0, -2*l - 6 = -r. Let y = -1 + r. List the prime factors of y.
7
Suppose -5*n + 59 = -3*u, 4*u + 34 = 3*n + 3. List the prime factors of n.
13
Let j(w) = -w**2 - 5*w + 6. Let n be j(-6). Suppose n = -4*y - 14 - 2. What are the prime factors of y/(-6)*63/6?
7
Let u(c) = -c**3 - 12*c**2 + c + 14. Let d be u(-12). Suppose 2*w + 4*n = 38, 0*n = -2*n + d. List the prime factors of w.
17
Let r(b) = -b**2 + 10*b. Suppose -6 = -2*l, -11 = 2*s - 6*s + 3*l. Let d be r(s). Let w = d + -13. List the prime factors of w.
2, 3
Suppose 0 = -0*h + h - 8. Suppose s + h = -s. Let x = 5 - s. What are the prime factors of x?
3
Suppose 0 = j - 3 - 2. Suppose 3*v - 19 = -j*z, -2*v - 2*v + 14 = z. What are the prime factors of v?
3
Suppose 3*v - 6*v = 2*g, -g + 3 = 0. Let u be -2 - (0/1 - v). What are the prime factors of (-7)/u - 1/(-4)?
2
Suppose -108 = -5*m - 5*w + 687, -5*m - w + 815 = 0. List the prime factors of m.
2, 41
Let f be -3 + 3 + 39 - 1. Let j = f + -16. Let t = 35 - j. What are the prime factors of t?
13
Let c(l) = -l**3 - 16*l**2 + 16*l + 12. What are the prime factors of c(-17)?
29
Let q(p) = p**2 + 10*p - 19. List the prime factors of q(-12).
5
Suppose -h - 2*h = -120. Suppose j - h = -3*j. Let z = j + -3. List the prime factors of z.
7
Suppose 3*d = 4*d - 2*j - 9, 2*j = -10. Let l(x) = -4*x**2 + x + 1. Let c be l(d). List the prime factors of ((-14)/4)/(c/8).
7
Let q be 15/1 + (6 - 7). Let s = 1 + q. List the prime factors of s.
3, 5
Let t be ((-3)/(-18))/(2/12). List the prime factors of 16 + (2 - (t + 2)).
3, 5
Suppose -3*o = -3*t, -6 = -5*t - 3*o + 10. Suppose -t*z - 2 = -8. What are the prime factors of z?
3
What are the prime factors of 11/22*41*2?
41
Suppose q - 80 = -4*q + 5*v, -5*q = 4*v - 80. Suppose 0*n + q = 2*n. What are the prime factors of n - 2/(2 + -3)?
2, 5
Let p be (1 - 4/6)*3. Let f = 8 - p. What are the prime factors of f?
7
Let m be 3/12 + 22/8. Let v be 4*(-1 + -1 + m). Suppose g = 2*j - 4, v*g + 0*g - 29 = -j. What are the prime factors of g?
2, 3
Let g(r) = 6*r - 6 - 15 + 4. What are the prime factors of g(7)?
5
Let y(k) be the third derivative of -k**4/24 + k**3 + k**2. Let n be y(4). Suppose -6*x + 10 = -t - n*x, -5*t + 3*x + 35 = 0. What are the prime factors of t?
2, 5
Let m = -389 + 637. What are the prime factors of m?
2, 31
Let n(f) = f**3 + 3*f**2 - 4*f - 3. Let i be n(-3). Let z = i + -14. List the prime factors of (2/z)/(1/(-35)).
2, 7
Let z = 5 - 2. Suppose -4*g + 5*m = -z*g + 15, 0 = 2*g + 2*m - 6. List the prime factors of (6 + g)*(-6)/(-9).
2
Suppose -94 = 5*n - 2*q - 14, -4*n = 2*q + 64. Let k = -14 - n. What are the prime factors of k?
2
What are the prime factors of (8/12)/((-6)/(-747))?
83
Let f = -12 - -8. What are the prime factors of -4*((-3)/f + -3)?
3
Suppose -3*v = -0*v - 9. Suppose -5*r = 3*k + 6, 1 - 7 = -3*r + 3*k. Suppose -2*m + v = m, r = 2*a + 2*m - 8. What are the prime factors of a?
3
Suppose 6*q = q + 20. Let w be (-10)/15 + q/6. Suppose -3*p + 7*p - 16 = w. List the prime factors of p.
2
Suppose 0 = 4*h - 0*h - 8. Suppose -3*o = 2*l - 8*o - 10, 0 = -3*l - h*o - 4. List the prime factors of 2 + -1 - -2 - l.
3
Let u(r) = 15*r. Let c be u(1). Let q = c + -11. Suppose 4*m + q = 56. What are the prime factors of m?
13
Suppose 2*n = 90 + 80. List the prime factors of n.
5, 17
Let a(h) = h - 3. Let s be a(6). Suppose 6 - s = t. Suppose -5*f - t*m + 47 = -f, f - 6 = 5*m. What are the prime factors of f?
11
Suppose 5*j = 10 + 50. Suppose 2*m + 18 = 6*m - 3*u, -3*u = m - j. Suppose s - m = 4*s + 3*a, 3*s - 14 = a. What are the prime factors of s?
3
Let w(r) = -r**3 + 7*r**2 - 7*r + 9. Let o be w(6). Let q be 5 + 1 + (-4)/4. Suppose -q*y + 87 = j - o, -2*y + 36 = -4*j. List the prime factors of y.
2, 3
Let a be 10/25*10/(-2). Let l = a + 4. List the prime factors of l.
2
Let i = -8 - -11. Suppose q + q = -m + 15, 0 = -m + i*q + 10. What are the prime factors of m?
13
Let y(t) = 2*t - 6 + t**3 - 5*t**2 - 2 + 2. Let c(a) = -a**2 + 10*a + 16. Let w be c(11). What are the prime factors of y(w)?
2
Suppose -5*d - 165 = 5*b, -4*b + 100 = -4*d - 0*b. Let m = -21 - d. Let p = m + -3. What are the prime factors of p?
5
Suppose -4*k = -5*s + 106, 0 = -2*k + 3*s - 38 - 14. Let i(g) = 10*g**2 - g + 4. Let u be i(2). Let l = k + u. List the prime factors of l.
13
List the prime factors of -3 + -1 + 62 - -1.
59
Suppose -v - 64 = -4*q, 48 = 3*q - 2*v - 2*v. Suppose 0 = -3*f - q + 82. What are the prime factors of f?
2, 11
Suppose -4*g + 61 + 23 = 0. Let v = g + -8. List the prime factors of v.
13
Let o(y) = -y. Suppose 6*l + 8 = 4*l. What are the prime factors of o(l)?
2
Let r = -4 + 24. List the prime factors of r.
2, 5
Let y(a) = -96*a**3 - a**2 - 2*a - 1. Let x be y(-1). Suppose -4*d + d = -x. Let h = d + -18. What are the prime factors of h?
2, 7
Let x(o) = -4*o**3 - 2*o**2 + o - 3. Let m be x(-3). Suppose 2*z + 0*z = m. List the prime factors of z.
2, 3, 7
Let k(z) = z**3 + 11*z**2 + 9*z - 9. Let s be k(-10). Let m(w) = s + 1 - w + 2*w + 2. List the prime factors of m(-2).
2
Suppose 2*v = -6, 3*o - 5*v + 537 = 7*o. What are the prime factors of o?
2, 3, 23
Let m = 11 - 4. What are the prime factors of m?
7
Suppose -z + 0*z = 0. Suppose -t - 2*t - 30 = z. Let s = t - -24. List the prime factors of s.
2, 7
Let k(v) = 8*v - 1. Let f be k(-1). Let y be 24*((-33)/f - 3). Suppose l + 7 = y. List the prime factors of l.
3
